
{"id":59,"date":"2021-03-25T08:02:42","date_gmt":"2021-03-25T07:02:42","guid":{"rendered":"https:\/\/przedszkole136.edu.wroclaw.pl\/?page_id=59"},"modified":"2026-01-29T11:00:09","modified_gmt":"2026-01-29T10:00:09","slug":"dokumenty","status":"publish","type":"page","link":"https:\/\/przedszkole136.edu.wroclaw.pl\/index.php\/o-przedszkolu\/dokumenty\/","title":{"rendered":"Dokumenty"},"content":{"rendered":"<div class=\"wpb-content-wrapper\"><p>[vc_row][vc_column][vc_column_text css=&#8221;&#8221;]<\/p>\r\n<h2><span style=\"font-family: georgia, palatino, serif;color: #e12e2e;font-size: 24px\">Statut przedszkola:<\/span><\/h2>\r\n<p><span style=\"font-family: georgia, palatino, serif;color: #e12e2e;font-size: 24px\"><a href=\"https:\/\/przedszkole136.edu.wroclaw.pl\/wp-content\/uploads\/sites\/59\/2025\/03\/STATUT-P-136-wydrukowany.docx\">STATUT-P-136 <\/a><\/span><\/p>\r\n<p><span style=\"font-family: georgia, palatino, serif;color: #e12e2e;font-size: 24px\">Podstawa programowa: <\/span><\/p>\r\n<p><a href=\"https:\/\/www.gov.pl\/web\/edukacja-i-nauka\/podstawa-programowa-wychowania-przedszkolnego-dla-przedszkoli-i-oddzialow-przedszkolnych-w-szkolach-podstawowych\">https:\/\/www.gov.pl\/web\/edukacja-i-nauka\/podstawa-programowa-wychowania-przedszkolnego-dla-przedszkoli-i-oddzialow-przedszkolnych-w-szkolach-podstawowych<\/a><\/p>\r\n\r\n<div><span style=\"color: #e12e2e;font-family: georgia, palatino, serif;font-size: 24px\">Procedury:\u00a0<\/span><\/div>\r\n\r\n<div class=\"wp-block-file\"><a href=\"https:\/\/przedszkole136.edu.wroclaw.pl\/wp-content\/uploads\/sites\/59\/2021\/03\/Procedury-bezpieczenstwa-w-przedszkolu-lub-oddziale-przedszkolnym-w-szkole-podstawowej-Zarzadzenie-14.2020.pdf\">PROCEDURA BEZPIECZE\u0143STWA W PRZEDSZKOLU W CZASIE EPIDEMII<\/a><a class=\"wp-block-file__button\" href=\"https:\/\/przedszkole136.edu.wroclaw.pl\/wp-content\/uploads\/sites\/59\/2021\/03\/Procedury-bezpieczenstwa-w-przedszkolu-lub-oddziale-przedszkolnym-w-szkole-podstawowej-Zarzadzenie-14.2020.pdf\">Pobierz<\/a><\/div>\r\n<p>\u00a0<a href=\"https:\/\/przedszkole136.edu.wroclaw.pl\/wp-content\/uploads\/sites\/59\/2021\/03\/Procedury-postepowania-na-wypadek-podejrzenia-zakazenia-Zarzadzenie-13.2020.pdf\">Procedura post\u0119powania w przypadku podejrzenia wyst\u0105pienia zaka\u017cenia w plac\u00f3wce<\/a><a class=\"wp-block-file__button\" href=\"https:\/\/przedszkole136.edu.wroclaw.pl\/wp-content\/uploads\/sites\/59\/2021\/03\/Procedury-postepowania-na-wypadek-podejrzenia-zakazenia-Zarzadzenie-13.2020.pdf\">Pobierz<\/a><\/p>\r\n<p>\u00a0<a href=\"https:\/\/przedszkole136.edu.wroclaw.pl\/wp-content\/uploads\/sites\/59\/2021\/03\/Procedury-szybkiej-sciezki-komunikacji-z-rodzicami.-Zarzadzenie-11.2020.pdf\">PROCEDURA SZYBKIEJ \u015aCIE\u017bKI KOMUNIKACJI Z RODZICAMI<\/a><a class=\"wp-block-file__button\" href=\"https:\/\/przedszkole136.edu.wroclaw.pl\/wp-content\/uploads\/sites\/59\/2021\/03\/Procedury-szybkiej-sciezki-komunikacji-z-rodzicami.-Zarzadzenie-11.2020.pdf\">Pobierz<\/a><\/p>\r\n\r\n<div><span style=\"color: #e12e2e;font-family: georgia, palatino, serif;font-size: 24px\">Regulaminy<\/span><\/div>\r\n<p><a href=\"https:\/\/przedszkole136.edu.wroclaw.pl\/wp-content\/uploads\/sites\/59\/2022\/05\/REGULAMIN-KORZYSTANIA-Z-SYSTEMU-PRZY-WYKORZYSTANIU-INDYWIDUALNYCH-KART-ZBLIZENIOWYCH-PRZEZ-RODZICOW.docx\">REGULAMIN KORZYSTANIA Z SYSTEMU PRZY WYKORZYSTANIU INDYWIDUALNYCH KART ZBLI\u017bENIOWYCH PRZEZ RODZIC\u00d3W<\/a><\/p>\r\n<h2><span style=\"font-family: georgia, palatino, serif;color: #e12e2e;font-size: 24px\">Pliki do pobrania\u00a0<\/span><\/h2>\r\n<p><a href=\"https:\/\/przedszkole136.edu.wroclaw.pl\/wp-content\/uploads\/sites\/59\/2025\/08\/DANE-DO-DZIENNIKA-1.docx\">DANE DO DZIENNIKA<\/a><\/p>\r\n<p><a href=\"https:\/\/przedszkole136.edu.wroclaw.pl\/wp-content\/uploads\/sites\/59\/2025\/08\/DEKLARACJA-POBYTU-DZIECKA-W-PRZEDSZKOLU-NR-136-1.docx\">DEKLARACJA POBYTU DZIECKA W PRZEDSZKOLU NR 136<\/a><\/p>\r\n<p><a href=\"https:\/\/przedszkole136.edu.wroclaw.pl\/wp-content\/uploads\/sites\/59\/2025\/08\/wniosek-o-zwolnienie-z-oplat-1.doc\">wniosek o zwolnienie z op\u0142at<\/a><\/p>\r\n<p><a href=\"https:\/\/przedszkole136.edu.wroclaw.pl\/wp-content\/uploads\/sites\/59\/2025\/08\/Zal.-8.-Zgoda-na-wizerunek-na-www-1.docx\">Za\u0142. 8. Zgoda na wizerunek na www<\/a><\/p>\r\n<p><a href=\"https:\/\/przedszkole136.edu.wroclaw.pl\/wp-content\/uploads\/sites\/59\/2025\/08\/Zal.-8a.-Zgoda-na-udzial-w-lekcjach-religii-1.docx\">Za\u0142. 8a. Zgoda na udzia\u0142 w lekcjach religii<\/a><\/p>\r\n<p><a href=\"https:\/\/przedszkole136.edu.wroclaw.pl\/wp-content\/uploads\/sites\/59\/2025\/08\/Zal.-9.-Karta-do-odbioru-dziecka-z-przedszkola-2.docx\">Za\u0142. 9. Karta do odbioru dziecka z przedszkola<\/a><\/p>\r\n<p><a href=\"https:\/\/przedszkole136.edu.wroclaw.pl\/wp-content\/uploads\/sites\/59\/2025\/08\/zgody-rodzica-1.docx\">zgody rodzica<\/a><\/p>\r\n<p><strong><span style=\"font-size: 18pt;color: #ff0000\">RODO<\/span><\/strong><\/p>\r\n<p><span style=\"color: #000000\"><a href=\"https:\/\/przedszkole136.edu.wroclaw.pl\/wp-content\/uploads\/sites\/59\/2025\/07\/Zal.-7.-Klauzula-zlozenie-pisma-w-placowce.docx\">Za\u0142. 7. Klauzula &#8211; z\u0142o\u017cenie pisma w plac\u00f3wce<\/a><\/span><\/p>\r\n<p><a href=\"https:\/\/przedszkole136.edu.wroclaw.pl\/wp-content\/uploads\/sites\/59\/2025\/07\/Zal.-7a.-Klauzula-zlozenie-pisma-wersja-skrocona.docx\">Za\u0142. 7a. Klauzula &#8211; z\u0142o\u017cenie pisma &#8211; wersja skr\u00f3cona<\/a><\/p>\r\n<p><a href=\"https:\/\/przedszkole136.edu.wroclaw.pl\/wp-content\/uploads\/sites\/59\/2025\/07\/Zal.-7b.-Klauzula-postepowanie-administracyjne.docx\">Za\u0142. 7b. Klauzula post\u0119powanie administracyjne<\/a><\/p>\r\n<p><a href=\"https:\/\/przedszkole136.edu.wroclaw.pl\/wp-content\/uploads\/sites\/59\/2025\/07\/Zal.-7c.-Klauzula-korespondencja-elektroniczna.docx\">Za\u0142. 7c. Klauzula &#8211; korespondencja elektroniczna<\/a><\/p>\r\n<p><a href=\"https:\/\/przedszkole136.edu.wroclaw.pl\/wp-content\/uploads\/sites\/59\/2025\/07\/Zal.-7d.-Klauzula-stopka-mailowa.docx\">Za\u0142. 7d. Klauzula &#8211; stopka mailowa<\/a><\/p>\r\n<p><a href=\"https:\/\/przedszkole136.edu.wroclaw.pl\/wp-content\/uploads\/sites\/59\/2025\/07\/Zal.-7e.-Klauzula-strona-www.docx\">Za\u0142. 7e. Klauzula &#8211; strona www<\/a><\/p>\r\n<p><a href=\"https:\/\/przedszkole136.edu.wroclaw.pl\/wp-content\/uploads\/sites\/59\/2025\/07\/Zal.-7f.-Klauzula-umowa.docx\">Za\u0142. 7f. Klauzula &#8211; umowa<\/a><\/p>\r\n<p><a href=\"https:\/\/przedszkole136.edu.wroclaw.pl\/wp-content\/uploads\/sites\/59\/2025\/07\/Zal.-7g.-Klauzula-zamowienia-publiczne.docx\">Za\u0142. 7g. Klauzula &#8211; zam\u00f3wienia publiczne<\/a><\/p>\r\n<p><a href=\"https:\/\/przedszkole136.edu.wroclaw.pl\/wp-content\/uploads\/sites\/59\/2025\/07\/Zal.-7h.-Klauzula-umowa-najmu.docx\">Za\u0142. 7h. Klauzula &#8211; umowa najmu<\/a><\/p>\r\n<p><a href=\"https:\/\/przedszkole136.edu.wroclaw.pl\/wp-content\/uploads\/sites\/59\/2025\/07\/Zal.-7j.-Kauzula-wolontariusz.docx\">Za\u0142. 7j. Kauzula &#8211; wolontariusz<\/a><\/p>\r\n<p><a href=\"https:\/\/przedszkole136.edu.wroclaw.pl\/wp-content\/uploads\/sites\/59\/2025\/07\/Zal.-7k.-Klauzula-rekrutacja-pracownika.docx\">Za\u0142. 7k. Klauzula &#8211; rekrutacja pracownika<\/a><\/p>\r\n<p><a href=\"https:\/\/przedszkole136.edu.wroclaw.pl\/wp-content\/uploads\/sites\/59\/2025\/07\/Zal.-7l.-Klauzula-pracownik-nauczyciel.docx\">Za\u0142. 7l. Klauzula &#8211; pracownik &#8211; nauczyciel<\/a><\/p>\r\n<p><a href=\"https:\/\/przedszkole136.edu.wroclaw.pl\/wp-content\/uploads\/sites\/59\/2025\/07\/Zal.-7m.-Klauzula-pracownik-samorzadowy.docx\">Za\u0142. 7m. Klauzula &#8211; pracownik samorz\u0105dowy<\/a><\/p>\r\n<p><a href=\"https:\/\/przedszkole136.edu.wroclaw.pl\/wp-content\/uploads\/sites\/59\/2025\/07\/Zal.-7n.-Klauzula-edukacja-dziecka-w-placowce.docx\">Za\u0142. 7n. Klauzula &#8211; edukacja dziecka w plac\u00f3wce<\/a><\/p>\r\n<p><a href=\"https:\/\/przedszkole136.edu.wroclaw.pl\/wp-content\/uploads\/sites\/59\/2025\/07\/Zal.-7p.-Klauzula-opiekun-wycieczki.docx\">Za\u0142. 7p. Klauzula &#8211; opiekun wycieczki<\/a><\/p>\r\n<p><a href=\"https:\/\/przedszkole136.edu.wroclaw.pl\/wp-content\/uploads\/sites\/59\/2025\/07\/Zal.-7r.-Klauzula-przyjecie-dziecka-w-ramach-dyzuru-wakacyjnego.docx\">Za\u0142. 7r. Klauzula &#8211; przyj\u0119cie dziecka w ramach dy\u017curu wakacyjnego<\/a><\/p>\r\n<p><a href=\"https:\/\/przedszkole136.edu.wroclaw.pl\/wp-content\/uploads\/sites\/59\/2025\/07\/Zal.-7s-Klauzula-praca-spolecznie-uzyteczna.docx\">Za\u0142. 7s Klauzula &#8211; praca spo\u0142ecznie u\u017cyteczna<\/a><\/p>\r\n<p><a href=\"https:\/\/przedszkole136.edu.wroclaw.pl\/wp-content\/uploads\/sites\/59\/2025\/07\/Zal.-7t.-Klauzula-ZFSS.docx\">Za\u0142. 7t. Klauzula ZF\u015aS<\/a><\/p>\r\n<p><a href=\"https:\/\/przedszkole136.edu.wroclaw.pl\/wp-content\/uploads\/sites\/59\/2025\/07\/Zal.-7u.-Klauzula-praktykanci.docx\">Za\u0142. 7u. Klauzula praktykanci<\/a><\/p>\r\n<p><a href=\"https:\/\/przedszkole136.edu.wroclaw.pl\/wp-content\/uploads\/sites\/59\/2025\/07\/Zal.-7w.-Klauzula-Fundusz-Zdrowotny.docx\">Za\u0142. 7w. Klauzula &#8211; Fundusz Zdrowotny<\/a><\/p>\r\n<p><a href=\"https:\/\/przedszkole136.edu.wroclaw.pl\/wp-content\/uploads\/sites\/59\/2025\/07\/Zal.-7y.-Klauzula-PPK.docx\">Za\u0142. 7y. Klauzula &#8211; PPK<\/a><\/p>\r\n<p><span style=\"font-size: 14pt;color: #ff0000\"><strong>REGU\u0141KA<\/strong><\/span><\/p>\r\n<p><a href=\"https:\/\/przedszkole136.edu.wroclaw.pl\/wp-content\/uploads\/sites\/59\/2026\/01\/regulka-KSeF-1.docx\">regu\u0142ka KSeF<\/a><\/p>\r\n<p>[\/vc_column_text][\/vc_column][\/vc_row][vc_row][vc_column][vc_column_text css=&#8221;&#8221;]<\/p>\r\n<p><span style=\"font-family: georgia, palatino;font-size: 18pt\"><strong><span style=\"color: #ff0000\">Polityka i standardy ochrony dzieci w Przedszkolu nr 136 Ma\u0142y Sportowiec<\/span><\/strong><\/span><\/p>\r\n<p><a href=\"https:\/\/przedszkole136.edu.wroclaw.pl\/wp-content\/uploads\/sites\/59\/2024\/07\/Standardy-ochrony-dzieci-w-Przedszkolu-nr-136.docx\">Standardy ochrony dzieci w P-136<\/a><\/p>\r\n<p><a href=\"https:\/\/przedszkole136.edu.wroclaw.pl\/wp-content\/uploads\/sites\/59\/2024\/07\/Polityka-ochrony-dzieci-przed-krzywdzeniem-w-Przedszkolu-nr-136.docx\">Polityka ochrony dzieci przed krzywdzeniem w P-136<\/a><\/p>\r\n<p>[\/vc_column_text][\/vc_column][\/vc_row][vc_row][vc_column][vc_column_text]<\/p>\r\n<p>[\/vc_column_text][\/vc_column][\/vc_row][vc_row][vc_column][vc_column_text]<\/p>\r\n<p><!-- \/wp:post-content -->[\/vc_column_text][\/vc_column][\/vc_row]<\/p><\/div>","protected":false},"excerpt":{"rendered":"<p>[vc_row][vc_column][vc_column_text css=&#8221;&#8221;] Statut przedszkola: STATUT-P-136 Podstawa programowa: https:\/\/www.gov.pl\/web\/edukacja-i-nauka\/podstawa-programowa-wychowania-przedszkolnego-dla-przedszkoli-i-oddzialow-przedszkolnych-w-szkolach-podstawowych [\/vc_column_text][\/vc_column][\/vc_row][vc_row][vc_column][vc_column_text] [\/vc_column_text][\/vc_column][\/vc_row]<\/p>\n","protected":false},"author":15,"featured_media":0,"parent":42,"menu_order":0,"comment_status":"closed","ping_status":"closed","template":"","meta":{"ngg_post_thumbnail":0,"footnotes":""},"class_list":["post-59","page","type-page","status-publish","hentry","clearfix"],"_links":{"self":[{"href":"https:\/\/przedszkole136.edu.wroclaw.pl\/index.php\/wp-json\/wp\/v2\/pages\/59","targetHints":{"allow":["GET"]}}],"collection":[{"href":"https:\/\/przedszkole136.edu.wroclaw.pl\/index.php\/wp-json\/wp\/v2\/pages"}],"about":[{"href":"https:\/\/przedszkole136.edu.wroclaw.pl\/index.php\/wp-json\/wp\/v2\/types\/page"}],"author":[{"embeddable":true,"href":"https:\/\/przedszkole136.edu.wroclaw.pl\/index.php\/wp-json\/wp\/v2\/users\/15"}],"replies":[{"embeddable":true,"href":"https:\/\/przedszkole136.edu.wroclaw.pl\/index.php\/wp-json\/wp\/v2\/comments?post=59"}],"version-history":[{"count":21,"href":"https:\/\/przedszkole136.edu.wroclaw.pl\/index.php\/wp-json\/wp\/v2\/pages\/59\/revisions"}],"predecessor-version":[{"id":6987,"href":"https:\/\/przedszkole136.edu.wroclaw.pl\/index.php\/wp-json\/wp\/v2\/pages\/59\/revisions\/6987"}],"up":[{"embeddable":true,"href":"https:\/\/przedszkole136.edu.wroclaw.pl\/index.php\/wp-json\/wp\/v2\/pages\/42"}],"wp:attachment":[{"href":"https:\/\/przedszkole136.edu.wroclaw.pl\/index.php\/wp-json\/wp\/v2\/media?parent=59"}],"curies":[{"name":"wp","href":"https:\/\/api.w.org\/{rel}","templated":true}]}}